False
Is 10199237 a prime number?
True
Is 53294237 prime?
True
Is 975331 a prime number?
False
Is 3322169 a composite number?
True
Is 177187 composite?
True
Is 67060159 prime?
False
Is 122198093 prime?
False
Is 271878289 composite?
False
Is 42444473 composite?
False
Is 163311029 a composite number?
True
Is 1461877 a composite number?
False
Is 100978517 prime?
False
Is 16042957 a prime number?
False
Is 138596663 composite?
False
Is 56369699 composite?
True
Is 17809601 a composite number?
False
Is 29691047 prime?
False
Is 11121307 a prime number?
True
Is 17522777 a composite number?
False
Is 16745926 a prime number?
False
Is 11396261 a prime number?
False
Is 14611841 a composite number?
False
Is 99664513 prime?
False
Is 15292217 composite?
True
Is 5562043 a prime number?
False
Is 142511717 a composite number?
True
Is 15206855 composite?
True
Is 55488217 a prime number?
True
Is 9919985 composite?
True
Is 851087 a prime number?
True
Is 13645127 a composite number?
False
Is 1339381 composite?
False
Is 139709342 composite?
True
Is 157050037 a prime number?
True
Is 689597 a prime number?
True
Is 6945437 composite?
False
Is 9983497 composite?
False
Is 202283437 a prime number?
True
Is 44084473 prime?
True
Is 651479 a composite number?
True
Is 13333909 composite?
False
Is 2746523 prime?
False
Is 60487199 a prime number?
True
Is 5803801 composite?
True
Is 118699349 a prime number?
False
Is 62933095 prime?
False
Is 124903019 a composite number?
False
Is 436169 prime?
False
Is 2034421 prime?
True
Is 57445187 composite?
False
Is 108801317 a prime number?
False
Is 56525269 a composite number?
False
Is 766954495 a composite number?
True
Is 2196749 a composite number?
False
Is 12185119 a composite number?
False
Is 101769799 prime?
False
Is 765131 a prime number?
True
Is 2974151 composite?
True
Is 325248089 a composite number?
True
Is 33414727 a prime number?
True
Is 8341097 a composite number?
True
Is 55849699 composite?
False
Is 1151471 a composite number?
False
Is 125619674 composite?
True
Is 22425541 prime?
True
Is 7655909 composite?
True
Is 260606 a composite number?
True
Is 446437 a prime number?
False
Is 31295359 prime?
True
Is 239049098 a composite number?
True
Is 942061 composite?
False
Is 152161 composite?
True
Is 475352239 composite?
True
Is 126572603 prime?
False
Is 2903569 a prime number?
True
Is 165761971 a composite number?
False
Is 1651967 composite?
True
Is 7026403 a prime number?
False
Is 52803379 composite?
False
Is 1405195771 prime?
False
Is 40687067 composite?
False
Is 23935757 composite?
False
Is 6102073 a composite number?
False
Is 6518621 prime?
True
Is 5480237 prime?
False
Is 2487326 a prime number?
False
Is 1066334 prime?
False
Is 8753651 prime?
True
Is 1489091 a prime number?
False
Is 24465823 composite?
False
Is 198355715 composite?
True
Is 11791037 prime?
True
Is 65975207 a composite number?
False
Is 58266583 composite?
False
Is 104011 a prime number?
False
Is 6016271 composite?
True
Is 3960169 a prime number?
False
Is 18501121 a prime number?
True
Is 4255301 composite?
False
Is 3975989 a prime number?
False
Is 27382163 prime?
False
Is 9146099 composite?
False
Is 5418481 composite?
True
Is 13330987 a prime number?
True
Is 12830243 composite?
False
Is 842640991 prime?
False
Is 526499 prime?
True
Is 13364977 prime?
True
Is 21375413 prime?
True
Is 2283361 a composite number?
False
Is 921607 a composite number?
True
Is 4557603 composite?
True
Is 11773871 a composite number?
False
Is 11796919 a composite number?
True
Is 24580397 a composite number?
False
Is 29191339 prime?
True
Is 46174879 composite?
False
Is 73184867 a composite number?
True
Is 3929342 a composite number?
True
Is 5811734 prime?
False
Is 10262693 prime?
False
Is 3277811 composite?
False
Is 35459113 composite?
True
Is 117656849 composite?
True
Is 3522479 prime?
True
Is 160605373 prime?
False
Is 29483563 prime?
True
Is 64991027 composite?
True
Is 96345787 composite?
False
Is 751367 a composite number?
False
Is 118661 a prime number?
True
Is 12312869 prime?
False
Is 34915373 composite?
True
Is 34104013 a composite number?
False
Is 382939 composite?
False
Is 5439935 prime?
False
Is 941791 prime?
True
Is 104460637 a prime number?
True
Is 10206239 composite?
True
Is 4575163 prime?
True
Is 162125543 a composite number?
False
Is 1314359 composite?
False
Is 65816483 composite?
False
Is 629 composite?
True
Is 6003637 a composite number?
True
Is 28832341 prime?
True
Is 18581093 composite?
False
Is 47837381 a prime number?
True
Is 11316463 prime?
True
Is 54469907 composite?
False
Is 215653 a composite number?
False
Is 29098409 a composite number?
False
Is 1997687 a composite number?
True
Is 21247133 prime?
True
Is 5666647 composite?
True
Is 254733461 a prime number?
True
Is 1432499 a composite number?
True
Is 1245763 composite?
False
Is 2096123 composite?
False
Is 216558313 composite?
False
Is 888799 composite?
False
Is 3416923 prime?
False
Is 142382437 a composite number?
True
Is 2445881 composite?
False
Is 4001507 prime?
False
Is 10302599 a prime number?
True
Is 25492615 a prime number?
False
Is 15199901 prime?
False
Is 450746651 a prime number?
True
Is 30047791 composite?
False
Is 1529651 composite?
True
Is 41079793 composite?
True
Is 688239319 a prime number?
True
Is 4678189 a prime number?
False
Is 142645819 prime?
True
Is 25247641 a composite number?
True
Is 168801253 composite?
True
Is 389437 prime?
True
Is 29918081 composite?
False
Is 6344851 composite?
False
Is 31217083 prime?
False
Is 27007466 composite?
True
Is 4373813 composite?
True
Is 1290983 prime?
True
Is 2446267 prime?
False
Is 118246391 a prime number?
True
Is 5794457 prime?
True
Is 887759 composite?
False
Is 469379773 composite?
True
Is 17735687 prime?
False
Is 11418247 composite?
False
Is 328624889 a composite number?
False
Is 1304809 a composite number?
True
Is 400756999 prime?
True
Is 591799519 composite?
False
Is 97733387 a composite number?
False
Is 95818139 a composite number?
False
Is 292427 a prime number?
True
Is 5968627 composite?
True
Is 3228153 a composite number?
True
Is 1655003 a composite number?
True
Is 51165545 a prime number?
False
Is 77928965 composite?
True
Is 298567 composite?
True
Is 390286613 prime?
True
Is 110589683 a prime number?
True
Is 32759501 prime?
False
Is 8819449 a prime number?
True
Is 633109 composite?
True
Is 18437807 a composite number?
False
Is 38063377 prime?
False
Is 1831211 composite?
False
Is 32413139 composite?
True
Is 36152499 composite?
True
Is 94588313 composite?
True
Is 16961611 composite?
False
Is 13320227 a prime number?
False
Is 3493114 a composite number?
True
Is 229203077 a composite number?
True
Is 52262893 prime?
True
Is 49499 composite?
False
Is 178554511 prime?
False
Is 2406658 a composite number?
True
Is 503119 a composite number?
True
Is 76589069 a composite number?
True
Is 257255059 a composite number?
True
Is 62739643 prime?
False
Is 18218861 a composite number?
True
Is 8355091 composite?
False
Is 267465049 composite?
False
Is 5323219 a prime number?
False
Is 1272823 a prime number?
False
Is 367201 a composite number?
False
Is 2653865 composite?
True
Is 2310547 composite?
False
Is 17979119 a composite number?
False
Is 304508509 prime?
True
Is 14380649 a prime number?
False
Is 96008585 a prime number?
False
Is 3941813 prime?
False
Is 87882077 composite?
True
Is 1887607 a composite number?
False
Is 166393657 a prime number?
True
Is 20862199 prime?
False
Is 122338582 prime?
False
Is 131436379 composite?
True
Is 29814557 prime?
True
Is 17010373 a prime number?
True
Is 3448271 a composite number?
True
Is 75436993 a composite number?
False
Is 23906381 a prime number?
True
Is 501911 a composite number?
False
Is 17466931 prime?
True
Is 601598893 a prime number?
False
Is 22930555 composite?
True
Is 4400687 composite?
False
Is 13222553 a prime number?
True
Is 13168891 a prime number?
True
Is 35508377 prime?
False
Is 71121797 composite?
False
Is 8320547 prime?
True
Is 28721541 a composite number?
True
Is 151640141 prime?
True
Is 2107381 composite?
False
Is 41955191 composite?
False
Is 255665926 a prime number?
False
Is 705307 a prime number?
True
Is 82631 composite?
True
Is 30969629 a prime number?
False
Is 2924471 prime?
False
Is 10038131 composite?
True
Is 2